 units digit of 673?
3
What is the units digit of 9413?
3
What is the thousands digit of 2661?
2
What is the hundreds digit of 1469?
4
What is the thousands digit of 12599?
2
What is the tens digit of 3437?
3
What is the units digit of 3073?
3
What is the tens digit of 8398?
9
What is the hundreds digit of 3968?
9
What is the thousands digit of 34606?
4
What is the hundreds digit of 28282?
2
What is the hundreds digit of 45980?
9
What is the tens digit of 9181?
8
What is the thousands digit of 7384?
7
What is the thousands digit of 38370?
8
What is the hundreds digit of 7731?
7
What is the units digit of 1066?
6
What is the ten thousands digit of 158299?
5
What is the tens digit of 21?
2
What is the units digit of 163?
3
What is the thousands digit of 23194?
3
What is the units digit of 758?
8
What is the hundreds digit of 9216?
2
What is the thousands digit of 41678?
1
What is the ten thousands digit of 14546?
1
What is the units digit of 25731?
1
What is the hundreds digit of 1426?
4
What is the thousands digit of 8523?
8
What is the thousands digit of 7255?
7
What is the thousands digit of 1208?
1
What is the units digit of 43110?
0
What is the hundreds digit of 95028?
0
What is the units digit of 3267?
7
What is the units digit of 14570?
0
What is the hundreds digit of 444?
4
What is the tens digit of 2371?
7
What is the tens digit of 6222?
2
What is the units digit of 623?
3
What is the thousands digit of 56671?
6
What is the ten thousands digit of 63630?
6
What is the units digit of 9861?
1
What is the hundreds digit of 16072?
0
What is the units digit of 2103?
3
What is the tens digit of 402?
0
What is the hundreds digit of 32756?
7
What is the hundreds digit of 1224?
2
What is the hundreds digit of 711?
7
What is the ten thousands digit of 45714?
4
What is the units digit of 13522?
2
What is the units digit of 111839?
9
What is the tens digit of 102968?
6
What is the hundreds digit of 996?
9
What is the tens digit of 57?
5
What is the units digit of 11804?
4
What is the hundreds digit of 1277?
2
What is the hundreds digit of 13072?
0
What is the thousands digit of 1166?
1
What is the thousands digit of 20598?
0
What is the units digit of 10764?
4
What is the units digit of 1647?
7
What is the thousands digit of 99730?
9
What is the tens digit of 9670?
7
What is the units digit of 15335?
5
What is the tens digit of 9921?
2
What is the hundreds digit of 152?
1
What is the units digit of 10467?
7
What is the tens digit of 10369?
6
What is the units digit of 1205?
5
What is the units digit of 982?
2
What is the thousands digit of 1239?
1
What is the hundreds digit of 764?
7
What is the tens digit of 29804?
0
What is the units digit of 25835?
5
What is the tens digit of 843?
4
What is the ten thousands digit of 10264?
1
What is the thousands digit of 2801?
2
What is the units digit of 12115?
5
What is the hundreds digit of 3160?
1
What is the tens digit of 1429?
2
What is the tens digit of 410?
1
What is the ten thousands digit of 43750?
4
What is the ten thousands digit of 81560?
8
What is the thousands digit of 1151?
1
What is the ten thousands digit of 131319?
3
What is the hundreds digit of 231?
2
What is the thousands digit of 35359?
5
What is the tens digit of 1214?
1
What is the units digit of 30843?
3
What is the thousands digit of 1409?
1
What is the thousands digit of 2344?
2
What is the tens digit of 218?
1
What is the hundreds digit of 26976?
9
What is the tens digit of 2429?
2
What is the tens digit of 1068?
6
What is the thousands digit of 79001?
9
What is the units digit of 54?
4
What is the tens digit of 4828?
2
What is the hundreds digit of 2782?
7
What is the units digit of 1675?
5
What is the tens digit of 50076?
7
What is the thousands digit of 1837?
1
What is the units digit of 21896?
6
What is the units digit of 2360?
0
What is the units digit of 18792?
2
What is the hundred thousands digit of 161083?
1
What is the hundreds digit of 6841?
8
What is the tens digit of 32438?
3
What is the hundreds digit of 43219?
2
What is the ten thousands digit of 57032?
5
What is the thousands digit of 8764?
8
What is the hundreds digit of 11120?
1
What is the units digit of 1498?
8
What is the tens digit of 2187?
8
What is the tens digit of 21289?
8
What is the hundreds digit of 42875?
8
What is the hundreds digit of 4579?
5
What is the ten thousands digit of 10636?
1
What is the ten thousands digit of 65984?
6
What is the tens digit of 21852?
5
What is the hundreds digit of 17751?
7
What is the units digit of 1777?
7
What is the hundreds digit of 1088?
0
What is the hundreds digit of 7861?
8
What is the units digit of 1735?
5
What is the thousands digit of 48176?
8
What is the tens digit of 97359?
5
What is the tens digit of 16511?
1
What is the hundreds digit of 34556?
5
What is the tens digit of 1079?
7
What is the tens digit of 4880?
8
What is the tens digit of 684?
8
What is the thousands digit of 68960?
8
What is the units digit of 26090?
0
What is the thousands digit of 17007?
7
What is the ten thousands digit of 22161?
2
What is the ten thousands digit of 17757?
1
What is the tens digit of 27980?
8
What is the units digit of 861?
1
What is the tens digit of 1263?
6
What is the thousands digit of 45195?
5
What is the tens digit of 164?
6
What is the units digit of 506?
6
What is the thousands digit of 32314?
2
What is the units digit of 12990?
0
What is the tens digit of 12498?
9
What is the thousands digit of 27266?
7
What is the thousands digit of 1844?
1
What is the tens digit of 1013?
1
What is the units digit of 15070?
0
What is the tens digit of 7658?
5
What is the hundreds digit of 6387?
3
What is the tens digit of 1150?
5
What is the tens digit of 5277?
7
What is the hundred thousands digit of 143394?
1
What is the ten thousands digit of 38396?
3
What is the hundreds digit of 29544?
5
What is the ten thousands digit of 24216?
2
What is the hundreds digit of 3266?
2
What is the tens digit of 25998?
9
What is the tens digit of 5215?
1
What is the tens digit of 428?
2
What is the ten thousands digit of 33564?
3
What is the units digit of 10795?
5
What is the ten thousands digit of 22947?
2
What is the ten thousands digit of 27972?
2
What is the units digit of 47234?
4
What is the units digit of 13860?
0
What is the hundreds digit of 1495?
4
What is the hundreds digit of 238?
2
What is the tens digit of 45394?
9
What is the tens digit of 802?
0
What is the thousands digit of 22705?
2
What is the hundreds digit of 2442?
4
What is the thousands digit of 1844?
1
What is the units digit of 72248?
8
What is the tens digit of 1842?
4
What is the thousands digit of 123267?
3
What is the thousands digit of 4738?
4
What is the thousands digit of 38974?
8
What is the tens digit of 4802?
0
What is the hundreds digit of 57686?
6
What is the units digit of 688?
8
What is the tens digit of 119?
1
What is the thousands digit of 20713?
0
What is the thousands digit of 1259?
1
What is the tens digit of 971?
7
What is the units digit of 2804?
4
What is the units digit of 3454?
4
What is the units digit of 1816?
6
What is the units digit of 937?
7
What is the hundreds digit of 9226?
2
What is the hundreds digit of 30632?
6
What is the hundreds digit of 111?
1
What is the hundreds digit of 826?
8
What is the units digit of 3300?
0
What is the thousands digit of 1900?
1
What is the hundreds digit of 10985?
9
What is the units digit of 377?
7
What is the thousands digit of 5030?
5
What is the tens digit of 3854?
5
What is the tens digit of 8388?
8
What is the ten thousands digit of 19972?
1
What is the hundreds digit of 2712?
7
What is the units digit of 5820?
0
What is the tens digit of 6320?
2
What is the units digit of 21362?
2
What is the hundreds digit of 140?
1
What is the thousands digit of 18020?
8
What is the thousands digit of 1181?
1
What is the thousands digit of 1430?
1
What is the units digit of 1657?
7
What is the thousands digit of 48411?
8
What is the hundreds digit of 2310?
3
What is the thousands digit of 3016?
3
What is the hundreds digit of 68496?
4
What is the ten thousands digit of 15404?
1
What is the units digit of 18502?
2
What is the thousands digit of 1103?
1
What is the thousands digit of 27922?
7
What is the h